62830286?
2, 41, 766223
What are the prime factors of 1555891985?
5, 41, 617, 12301
List the prime factors of 12468131.
13, 283, 3389
List the prime factors of 35446630.
2, 5, 1747, 2029
What are the prime factors of 1023693206?
2, 511846603
What are the prime factors of 1702967792?
2, 17, 6260911
What are the prime factors of 51784140?
2, 3, 5, 29, 29761
What are the prime factors of 42493815?
3, 5, 7, 13, 1153
List the prime factors of 25585665.
3, 5, 7, 243673
List the prime factors of 20389412.
2, 5097353
List the prime factors of 13469420.
2, 5, 53, 97, 131
List the prime factors of 3121418077.
3121418077
List the prime factors of 2279463218.
2, 37, 157, 196201
What are the prime factors of 31223189?
83, 376183
List the prime factors of 77056484.
2, 1171, 16451
List the prime factors of 88883582.
2, 17, 2614223
What are the prime factors of 560812833?
3, 7, 61, 145931
List the prime factors of 1752530017.
7, 17, 223, 66041
List the prime factors of 69327415.
5, 61, 227303
What are the prime factors of 82120141?
29, 2831729
What are the prime factors of 385851946?
2, 192925973
What are the prime factors of 1114723578?
2, 3, 19, 73, 133949
List the prime factors of 4911267746.
2, 7, 11, 61, 74687
List the prime factors of 536520134.
2, 47, 83, 68767
What are the prime factors of 62678714?
2, 7, 31, 139, 1039
List the prime factors of 288919677.
3, 1409, 68351
List the prime factors of 13548277.
13548277
List the prime factors of 1141982979.
3, 4007, 94999
List the prime factors of 824887896.
2, 3, 7, 4910047
List the prime factors of 1783379178.
2, 3, 7, 19, 229, 3253
What are the prime factors of 391687250?
2, 5, 1566749
What are the prime factors of 18708395?
5, 61, 61339
What are the prime factors of 118028538?
2, 3, 2341, 2801
What are the prime factors of 1723549842?
2, 3, 7, 31, 441257
List the prime factors of 962068581.
3, 106896509
List the prime factors of 231944573.
7, 31, 419, 2551
List the prime factors of 426849621.
3, 11, 12934837
List the prime factors of 437390266.
2, 97, 2254589
List the prime factors of 84209513.
1117, 75389
List the prime factors of 96976968.
2, 3, 11, 101, 3637
List the prime factors of 1568478816.
2, 3, 605123
List the prime factors of 2104237440.
2, 3, 5, 40591
What are the prime factors of 54412526?
2, 7, 23, 29, 5827
What are the prime factors of 53440866?
2, 3, 2968937
List the prime factors of 416479387.
3083, 135089
List the prime factors of 3613254.
2, 3, 23, 26183
What are the prime factors of 530260878?
2, 3, 7, 12625259
What are the prime factors of 31733651?
31733651
List the prime factors of 378053517.
3, 126017839
List the prime factors of 71083304.
2, 8885413
What are the prime factors of 645423545?
5, 13, 577, 17209
List the prime factors of 151475512.
2, 18934439
What are the prime factors of 221906562?
2, 3, 36984427
List the prime factors of 1020291881.
7, 97, 1502639
What are the prime factors of 41944063?
7, 29, 367, 563
What are the prime factors of 167598683?
7, 23942669
What are the prime factors of 619539636?
2, 3, 17, 3036959
What are the prime factors of 2243389522?
2, 11, 137, 269, 2767
What are the prime factors of 545847547?
7, 43, 1813447
What are the prime factors of 57309564?
2, 3, 13, 367369
What are the prime factors of 600276483?
3, 66697387
List the prime factors of 62697974.
2, 577, 54331
What are the prime factors of 388704492?
2, 3, 11, 981577
What are the prime factors of 14070437?
47, 299371
List the prime factors of 1000641630.
2, 3, 5, 661, 50461
What are the prime factors of 2531002456?
2, 173, 1828759
List the prime factors of 7878088.
2, 984761
What are the prime factors of 114425258?
2, 19, 3011191
What are the prime factors of 681152555?
5, 53, 2570387
List the prime factors of 3276285451.
3276285451
List the prime factors of 45871226.
2, 167, 137339
What are the prime factors of 87886468?
2, 21971617
What are the prime factors of 339611206?
2, 11, 19, 812467
List the prime factors of 1729032778.
2, 11, 103, 257, 2969
What are the prime factors of 189699730?
2, 5, 11, 29, 59467
What are the prime factors of 534495199?
7, 269, 373, 761
List the prime factors of 14699914.
2, 7349957
What are the prime factors of 2607176533?
13, 200552041
What are the prime factors of 834234029?
834234029
List the prime factors of 47246251.
13, 523, 6949
What are the prime factors of 5231502291?
3, 811, 2150227
List the prime factors of 1857751627.
1857751627
List the prime factors of 431471108.
2, 701, 153877
What are the prime factors of 1999801451?
1999801451
List the prime factors of 1225957893.
3, 53, 67, 157, 733
What are the prime factors of 7228371?
3, 23, 104759
List the prime factors of 1389627749.
83, 16742503
What are the prime factors of 2877002?
2, 1438501
What are the prime factors of 1186002495?
3, 5, 31, 850181
List the prime factors of 3957629.
13, 304433
List the prime factors of 156133576.
2, 17, 41, 28001
What are the prime factors of 21626377?
43, 89, 5651
What are the prime factors of 1778764?
2, 13, 79, 433
List the prime factors of 146360111.
337, 434303
What are the prime factors of 237064662?
2, 3, 149, 157, 563
What are the prime factors of 32086853?
47, 682699
List the prime factors of 859743529.
283, 3037963
List the prime factors of 3359628251.
7, 479946893
List the prime factors of 29481787.
19, 81667
What are the prime factors of 4332510799?
73, 5981, 9923
What are the prime factors of 7754523336?
2, 3, 7, 43, 83, 479
List the prime factors of 259775740.
2, 5, 7, 1855541
List the prime factors of 3222082599.
3, 1074027533
What are the prime factors of 36166331?
36166331
List the prime factors of 32885285.
5, 23, 12433
What are the prime factors of 1769052919?
3803, 465173
What are the prime factors of 151256637?
3, 7, 61, 39359
What are the prime factors of 6090507047?
59, 257, 401669
What are the prime factors of 406049598?
2, 3, 271, 3083
List the prime factors of 89312659.
1229, 72671
What are the prime factors of 168293746?
2, 47, 1790359
List the prime factors of 2138350177.
29, 73736213
List the prime factors of 102235358.
2, 51117679
List the prime factors of 42775541.
42775541
List the prime factors of 2801304461.
19421, 144241
What are the prime factors of 41002678?
2, 20501339
List the prime factors of 1985508054.
2, 3, 293, 376471
List the prime factors of 2522284914.
2, 3, 420380819
What are the prime factors of 64270504?
2, 8033813
What are the prime factors of 335529159?
3, 7, 29, 550951
List the prime factors of 1371989046.
2, 3, 17, 43, 103, 3037
List the prime factors of 22995380.
2, 5, 1149769
List the prime factors of 193055149.
7, 281, 2003
List the prime factors of 692968211.
13, 53305247
What are the prime factors of 1620938410?
2, 5, 7, 13, 421, 4231
List the prime factors of 768817334.
2, 6883, 55849
List the prime factors of 348698895.
3, 5, 23246593
List the prime factors of 2885660516.
2, 8209, 87881
What are the prime factors of 826380?
2, 3, 5, 4591
What are the prime factors of 1187696972?
2, 7, 11, 29, 132971
List the prime factors of 36557214.
2, 3, 1873, 3253
What are the prime factors of 1231859015?
5, 17, 19, 762761
List the prime factors of 14962117.
239, 62603
What are the prime factors of 5844457969?
7, 19, 43943293
List the prime factors of 182653297.
2129, 85793
What are the prime factors of 4638613857?
3, 223, 571, 12143
List the prime factors of 36818444.
2, 13, 708047
What are the prime factors of 178853308?
2, 19, 59, 39887
What are the prime factors of 6684403?
11, 55243
What are the prime factors of 129128418?
2, 3, 157, 5077
List the prime factors of 2488639691.
8963, 277657
List the prime factors of 2093688.
2, 3, 359
List the prime factors of 563698818.
2, 3, 17, 614051
What are the prime factors of 8827319?
8827319
List the prime factors of 22880223.
3, 823, 3089
List the prime factors of 1235546198.
2, 617773099
What are the prime factors of 425420642?
2, 9551, 22271
What are the prime factors of 18964439?
13, 373, 3911
What are the prime factors of 229101597?
3, 23, 1106771
What are the prime factors of 96588668?
2, 11, 173, 12689
List the prime factors of 522138876.
2, 3, 7, 929, 6691
What are the prime factors of 1450524?
2, 3, 120877
What are the prime factors of 19464097?
761, 25577